es 4 divide 9213?
False
Is 21 a factor of 4457?
False
Is 6912 a multiple of 144?
True
Is 38 a factor of 532?
True
Does 5 divide 480?
True
Does 40 divide 1240?
True
Is 6 a factor of 611?
False
Is 398 a multiple of 19?
False
Is 2704 a multiple of 52?
True
Does 10 divide 4987?
False
Is 855 a multiple of 28?
False
Is 75 a factor of 900?
True
Is 9 a factor of 459?
True
Is 53 a factor of 14463?
False
Is 62721 a multiple of 23?
True
Is 25 a factor of 3400?
True
Is 28 a factor of 22680?
True
Is 116 a factor of 54753?
False
Is 15746 a multiple of 27?
False
Does 12 divide 12969?
False
Does 5 divide 6200?
True
Is 11 a factor of 1819?
False
Is 13 a factor of 520?
True
Is 2279 a multiple of 3?
False
Is 38 a factor of 26980?
True
Does 6 divide 1578?
True
Is 96 a factor of 384?
True
Does 102 divide 4998?
True
Does 18 divide 421?
False
Is 2791 a multiple of 13?
False
Is 1701 a multiple of 48?
False
Is 45 a factor of 37530?
True
Is 34 a factor of 544?
True
Does 7 divide 7980?
True
Does 53 divide 2173?
True
Does 10 divide 48645?
False
Is 849 a multiple of 18?
False
Is 378 a multiple of 9?
True
Is 6 a factor of 810?
True
Is 441 a multiple of 21?
True
Is 10399 a multiple of 166?
False
Is 33 a factor of 2111?
False
Is 11 a factor of 11419?
False
Does 5 divide 405?
True
Is 7362 a multiple of 14?
False
Is 94 a factor of 33220?
False
Does 59 divide 34987?
True
Does 63 divide 6911?
False
Is 210 a multiple of 15?
True
Does 92 divide 5888?
True
Is 48495 a multiple of 15?
True
Is 9526 a multiple of 49?
False
Is 1081 a multiple of 32?
False
Is 84 a factor of 22059?
False
Is 1352 a multiple of 82?
False
Is 13150 a multiple of 25?
True
Does 22 divide 1336?
False
Is 3909 a multiple of 168?
False
Does 88 divide 25426?
False
Is 501 a multiple of 75?
False
Does 4 divide 177?
False
Does 44 divide 484?
True
Is 7 a factor of 3752?
True
Does 77 divide 2387?
True
Is 8642 a multiple of 5?
False
Is 59580 a multiple of 45?
True
Is 1128 a multiple of 24?
True
Is 600 a multiple of 15?
True
Is 9 a factor of 288?
True
Does 8 divide 4928?
True
Is 217 a factor of 76818?
True
Is 29970 a multiple of 39?
False
Does 319 divide 65714?
True
Is 3 a factor of 1224?
True
Does 10 divide 974?
False
Is 2 a factor of 1513?
False
Is 17 a factor of 952?
True
Is 2631 a multiple of 8?
False
Is 4992 a multiple of 24?
True
Is 5 a factor of 27905?
True
Does 9 divide 557?
False
Is 1476 a multiple of 66?
False
Is 1044 a multiple of 9?
True
Does 15 divide 135?
True
Is 109 a factor of 1874?
False
Is 4968 a multiple of 8?
True
Does 40 divide 800?
True
Does 17 divide 5111?
False
Does 132 divide 12446?
False
Is 16 a factor of 7360?
True
Is 10 a factor of 667?
False
Is 7182 a multiple of 42?
True
Does 13 divide 2311?
False
Is 264 a multiple of 132?
True
Is 26 a factor of 431?
False
Is 6336 a multiple of 352?
True
Is 58 a factor of 7076?
True
Is 2691 a multiple of 23?
True
Is 511 a multiple of 73?
True
Does 11 divide 22814?
True
Is 120 a multiple of 8?
True
Is 79 a factor of 3521?
False
Is 28 a factor of 23732?
False
Does 27 divide 24076?
False
Is 32 a factor of 2140?
False
Does 2 divide 497?
False
Is 52 a factor of 1196?
True
Is 6 a factor of 7817?
False
Is 151 a factor of 9060?
True
Is 31 a factor of 310?
True
Does 31 divide 266?
False
Is 124 a multiple of 24?
False
Is 15 a factor of 75?
True
Is 6 a factor of 2640?
True
Is 17 a factor of 19232?
False
Is 76 a factor of 10911?
False
Is 87 a multiple of 3?
True
Is 1387 a multiple of 19?
True
Does 6 divide 25398?
True
Does 31 divide 5219?
False
Does 15 divide 1151?
False
Is 3 a factor of 276?
True
Is 44 a factor of 457?
False
Does 19 divide 3381?
False
Does 13 divide 32619?
False
Is 113 a factor of 82038?
True
Is 25 a factor of 1025?
True
Is 77 a factor of 10087?
True
Does 61 divide 6244?
False
Does 184 divide 11040?
True
Is 31 a factor of 594?
False
Is 9 a factor of 213?
False
Does 5 divide 1392?
False
Is 19 a factor of 15067?
True
Does 11 divide 1440?
False
Does 27 divide 27614?
False
Is 240 a multiple of 20?
True
Does 8 divide 632?
True
Is 12 a factor of 3810?
False
Is 224 a factor of 1345?
False
Is 9 a factor of 1307?
False
Is 2 a factor of 995?
False
Is 17 a factor of 34382?
False
Is 4446 a multiple of 36?
False
Is 18 a factor of 70812?
True
Is 6 a factor of 216?
True
Is 58 a factor of 5895?
False
Is 1096 a multiple of 8?
True
Is 47582 a multiple of 37?
True
Is 322 a multiple of 14?
True
Is 12 a factor of 53316?
True
Does 82 divide 13191?
False
Does 19 divide 5415?
True
Is 4 a factor of 257?
False
Is 24 a factor of 386?
False
Is 3758 a multiple of 45?
False
Is 1581 even?
False
Does 4 divide 2132?
True
Is 36 a factor of 1404?
True
Is 14910 a multiple of 71?
True
Is 1049 a multiple of 10?
False
Does 51 divide 2193?
True
Is 67 a factor of 8509?
True
Is 195 a multiple of 2?
False
Does 16 divide 798?
False
Is 805 a multiple of 20?
False
Is 1860 a multiple of 12?
True
Is 621 a multiple of 27?
True
Is 27 a factor of 2160?
True
Does 26 divide 34423?
False
Is 534 a multiple of 20?
False
Does 58 divide 9026?
False
Is 7767 even?
False
Does 31 divide 12958?
True
Is 56 a factor of 2754?
False
Does 78 divide 390?
True
Is 14190 a multiple of 28?
False
Is 210 a multiple of 14?
True
Does 22 divide 1875?
False
Is 20063 a multiple of 108?
False
Is 895 a multiple of 95?
False
Does 147 divide 37119?
False
Is 9 a factor of 28863?
True
Does 12 divide 1814?
False
Does 58 divide 638?
True
Does 49 divide 7761?
False
Does 4 divide 1022?
False
Is 11 a factor of 5489?
True
Is 48 a factor of 1968?
True
Is 2534 a multiple of 34?
False
Is 39314 a multiple of 22?
True
Is 78544 a multiple of 237?
False
Is 208 a factor of 21632?
True
Is 30 a factor of 6570?
True
Is 199 a factor of 5174?
True
Does 11 divide 1020?
False
Is 19223 a multiple of 21?
False
Is 18861 a multiple of 47?
False
Is 18 a factor of 59364?
True
Is 2940 a multiple of 12?
True
Is 22236 a multiple of 42?
False
Is 5035 a multiple of 19?
True
Is 2537 a multiple of 58?
False
Is 29 a factor of 232?
True
Is 11 a multiple of 2?
False
Is 1988 a multiple of 28?
True
Is 92881 a multiple of 92?
False
Is 3 a factor of 1013?
False
Does 49 divide 8493?
False
Is 31 a factor of 248?
True
Is 578 a multiple of 17?
True
Is 6374 a multiple of 40?
False
Is 559 a multiple of 13?
True
Is 7395 a multiple of 17?
True
Is 1482 a multiple of 6?
True
Is 549 a multiple of 14?
False
Does 4 divide 2401?
False
Is 374 a multiple of 17?
True
Is 4954 a multiple of 44?
False
Does 21 divide 15971?
False
Does 192 divide 43217?
False
Does 25 divide 16975?
True
Does 3 divide 8326?
False
Does 51 divide 5151?
True
Is 62 a factor of 186?
True
Is 67 a factor of 335?
True
Does 41 divide 1046?
False
Is 69 a factor of 1624?
False
Is 41886 a multiple of 26?
True
Does 78 divide 21372?
True
Is 39 a factor of 12778?
False
Is 61 a multiple of 9?
False
Is 19 a factor of 757?
False
Is 9 a factor of 4437?
True
Is 339 a multiple of 31?
False
Does 6 divide 270?
True
Does 169 divide 31031?
False
Is 11 a factor of 1861?
False
Is 11 a factor of 1397?
True
Is 4895 a multiple of 99?
False
Is 37 a factor of 699?
False
Does 9 divide 12249?
True
Is 28 a factor of 27965?
False
Does 52 divide 22880?
True
Is 8 a factor of 49091?
False
Is 4048 a multiple of 16?
True
Is 15 a factor of 3049?
False
Is 6 a factor of 888?
True
Is 212 a factor of 11933?
False
Is 28 a factor of 3024?
True
Is 2196 a multiple of 12?
True
Does 15 divide 645?
True
Does 2 divide 1226?
True
Is 2 a factor of 88?
True
Does 6 divide 5774?
False
Does 21 divide 1499?
False
Is 11 a factor of 2886?
False
Does 170 divide 39440?
True
Is 42 a factor of 1171?
False
Does 77 divide 9163?
True
Is 1070 a multiple of 186?
False
Is 14 a factor of 15498?
True
Is 21665 a multiple of 3?
False
Does 6 divide 475?
False
Does 17 divide 200?
False
Is 5 a factor of 9480?
True
Is 1312 a multiple of 9?
False
Is 41616 a multiple of 48?
True
Is 4874 a multiple of 47?
False
Is 8 a factor of 1876?
False
Is 17 a factor of 421?
False
Is 26 a factor of 175?
False
Is 3472 a multiple of 16?
True
Does 2 divide 1226?
True
Is 1432 a multiple of 14?
False
Does 44 divide 5940?
True
Is 11924 a multiple of 44?
True
Is 50 a factor of 6882?
False
Is 33084 a multiple of 10?
False
Does 174 divide 21943?
False
Is 88 a factor of 440?
True
Is 51382 a multiple of 4?
False
Is 8084